{"id":18,"date":"2021-12-15T19:01:11","date_gmt":"2021-12-15T19:01:11","guid":{"rendered":"https:\/\/www.elixir-zivota.cz\/?page_id=18"},"modified":"2024-02-02T08:14:48","modified_gmt":"2024-02-02T07:14:48","slug":"kontakty","status":"publish","type":"page","link":"https:\/\/www.elixir-zivota.cz\/?page_id=18","title":{"rendered":"Kontakty"},"content":{"rendered":"\n<p class=\"has-medium-font-size\">ELIX\u00cdR \u017dIVOTA s. r. o. | <a href=\"https:\/\/mapy.cz\/zakladni?x=18.1436605&amp;y=49.5991031&amp;z=17&amp;pano=1&amp;source=addr&amp;id=9389367&amp;pid=49167055&amp;yaw=0.532&amp;fov=1.570&amp;pitch=-0.066&amp;ds=2\" target=\"_blank\" rel=\"noreferrer noopener\">Z\u00e1humenn\u00ed 352\/3c<\/a>, 742 21 Kop\u0159ivnice | Tel.: 705 127 811 | I\u010c: 13989723<\/p>\n\n\n\n<p><\/p>\n\n\n\n<iframe src=\"https:\/\/www.google.com\/maps\/embed?pb=!1m18!1m12!1m3!1d2585.930319682085!2d18.14148111588875!3d49.59906345622236!2m3!1f0!2f0!3f0!3m2!1i1024!2i768!4f13.1!3m3!1m2!1s0x4713ed604749a0eb%3A0xbc51a8e7a13b0113!2zWsOhaHVtZW5uw60gMzUyLzNjLCA3NDIgMjEgS29wxZlpdm5pY2U!5e0!3m2!1scs!2scz!4v1639596974635!5m2!1scs!2scz\" width=\"600\" height=\"450\" style=\"border:0;\" allowfullscreen=\"\" loading=\"lazy\"><\/iframe>\n","protected":false},"excerpt":{"rendered":"<p>ELIX\u00cdR \u017dIVOTA s. r. o. | Z\u00e1humenn\u00ed 352\/3c, 742 21 Kop\u0159ivnice | Tel.: 705 127 811 | I\u010c: 13989723<\/p>\n","protected":false},"author":1,"featured_media":0,"parent":0,"menu_order":0,"comment_status":"closed","ping_status":"closed","template":"","meta":{"ngg_post_thumbnail":0,"footnotes":""},"class_list":["post-18","page","type-page","status-publish","hentry"],"_links":{"self":[{"href":"https:\/\/www.elixir-zivota.cz\/index.php?rest_route=\/wp\/v2\/pages\/18","targetHints":{"allow":["GET"]}}],"collection":[{"href":"https:\/\/www.elixir-zivota.cz\/index.php?rest_route=\/wp\/v2\/pages"}],"about":[{"href":"https:\/\/www.elixir-zivota.cz\/index.php?rest_route=\/wp\/v2\/types\/page"}],"author":[{"embeddable":true,"href":"https:\/\/www.elixir-zivota.cz\/index.php?rest_route=\/wp\/v2\/users\/1"}],"replies":[{"embeddable":true,"href":"https:\/\/www.elixir-zivota.cz\/index.php?rest_route=%2Fwp%2Fv2%2Fcomments&post=18"}],"version-history":[{"count":20,"href":"https:\/\/www.elixir-zivota.cz\/index.php?rest_route=\/wp\/v2\/pages\/18\/revisions"}],"predecessor-version":[{"id":684,"href":"https:\/\/www.elixir-zivota.cz\/index.php?rest_route=\/wp\/v2\/pages\/18\/revisions\/684"}],"wp:attachment":[{"href":"https:\/\/www.elixir-zivota.cz\/index.php?rest_route=%2Fwp%2Fv2%2Fmedia&parent=18"}],"curies":[{"name":"wp","href":"https:\/\/api.w.org\/{rel}","templated":true}]}}